- g. Give d(1).
33
Let d(o) = o**3 - 101*o**2 + 74*o + 2614. What is d(100)?
14
Let d(a) = -a**2 - 15*a + 440. Calculate d(-30).
-10
Let v(o) = 20*o - 541. Determine v(45).
359
Let z(o) = o**2 + 21*o - 98. Calculate z(-22).
-76
Let f(w) = 10*w + 115. Determine f(-19).
-75
Let l(w) = -w**2 + 22*w + 6. Calculate l(24).
-42
Let b(k) = k**3 + 2*k**2 - 261*k - 69. Give b(15).
-159
Let q(c) = -2*c**3 - 67*c**2 - 40*c - 223. Give q(-33).
8
Let g(r) = 82*r + 14765. Give g(-180).
5
Let q(u) = 128*u**2 - 3*u - 4. What is q(-1)?
127
Let i(r) = -186*r + 903. Determine i(5).
-27
Let u(r) = -r**2 + 46*r - 15. Calculate u(45).
30
Let s(z) = 12*z**2 - 150*z - 252. Calculate s(14).
0
Let h(f) = 2*f**3 + 4611*f**2 - 18477*f + 5. What is h(4)?
1
Let v(d) = -d**2 - 10*d - 25. Determine v(-7).
-4
Let a(n) = 45*n - 221. What is a(4)?
-41
Let s(p) = -p**2 + 76*p + 2911. Calculate s(-27).
130
Let g(v) = -80*v**2 - 4082*v - 125. Determine g(-51).
-23
Let w(t) = -219*t + 5210. Give w(24).
-46
Let i(r) = -164*r - 6. Determine i(0).
-6
Let i(t) = 42*t + 2093. What is i(-50)?
-7
Let u(f) = 161*f - 1601. Give u(10).
9
Let f(l) = l**2 + 72*l + 563. What is f(-64)?
51
Let b(y) = 975*y + 7792. Determine b(-8).
-8
Let z(c) = -c**3 + 47*c**2 - 93*c + 113. Give z(45).
-22
Let t(m) = -45*m + 627. Give t(16).
-93
Let o(v) = -55*v + 2284. Determine o(41).
29
Let o(q) = q**2 - 40*q - 381. Give o(-10).
119
Let o(t) = -t**2 + 70*t - 874. What is o(17)?
27
Let f(o) = o**3 - 4*o - 1. What is f(0)?
-1
Let v(r) = -r**2 + 104*r - 2570. What is v(50)?
130
Let z(i) = -201*i - 3606. Give z(-18).
12
Let s(l) = 95*l + 1292. Determine s(-12).
152
Let r(w) = -2*w**3 - 28*w**2 - 117*w - 154. What is r(-8)?
14
Let f(k) = k**3 + 11*k**2 - 27*k - 2. Calculate f(-13).
11
Let v(d) = -10750*d - 64491. Give v(-6).
9
Let b(s) = -3304*s - 148677. Determine b(-45).
3
Let b(t) = -t**3 + t**2 + 111*t + 425. Determine b(-4).
61
Let d(b) = -b**2 - 5*b + 84. Give d(12).
-120
Let x(u) = 20*u - 107. Determine x(8).
53
Let w(i) = 3*i**3 + i**2 - 32*i - 11. Calculate w(3).
-17
Let r(p) = -1455*p + 37818. Calculate r(26).
-12
Let i(l) = 349*l - 86563. Give i(248).
-11
Let o(h) = 48*h + 2054. What is o(-43)?
-10
Let z(c) = -4*c**2 - 50*c + 149. Calculate z(-15).
-1
Let h(s) = -2*s**2 - 17*s + 40. Calculate h(7).
-177
Let b(m) = m**3 + 80*m**2 + 275*m + 3379. Calculate b(-77).
-9
Let s(a) = a**2 + 17*a + 20. Calculate s(-24).
188
Let p(c) = -c**2 - 5*c - 6. Calculate p(0).
-6
Let q(g) = -g**3 + 41*g**2 - 36*g - 123. What is q(40)?
37
Let b(v) = -v**3 + 18*v**2 - 17*v - 39. Determine b(17).
-39
Let k(t) = -t**2 + 47*t + 638. What is k(62)?
-292
Let k(h) = -h**3 - 12*h**2 + 71*h + 448. Determine k(-7).
-294
Let g(n) = 3*n**2 + 56*n - 56. Determine g(-19).
-37
Let v(k) = 287*k**3 - k**2. Calculate v(-1).
-288
Let r(x) = 49*x**2 + 9*x + 16. What is r(-2)?
194
Let g(w) = -w**3 - 87*w**2 + 175*w + 15215. Calculate g(-87).
-10
Let f(n) = -10*n + 69. Determine f(25).
-181
Let x(u) = -u**3 - 2*u**2 + 65*u - 193. Determine x(6).
-91
Let j(m) = -m**2 + 5*m + 72. Determine j(13).
-32
Let m(r) = 252*r**2 - 83*r + 82. Determine m(1).
251
Let p(s) = 2*s**3 - 5*s**2 - 19*s + 8. What is p(6)?
146
Let x(j) = -2*j**3 - 3*j**2 - 2*j + 215. Calculate x(0).
215
Let v(f) = f**2 + 45*f + 445. What is v(-25)?
-55
Let y(v) = -2*v**2 - 13*v + 6. What is y(-17)?
-351
Let v(c) = 6*c**3 + 10*c**2 + 7*c + 2. What is v(-3)?
-91
Let q(o) = -o**2 - 28*o - 176. What is q(-10)?
4
Let y(v) = 43*v**3 + 304*v**2 + 20*v - 10. Determine y(-7).
-3
Let r(o) = 2*o**3 - 24*o**2 - 19*o - 116. Determine r(13).
-25
Let j(n) = 12*n**2 - 20*n + 131. Calculate j(6).
443
Let g(w) = -89*w**2 - 5875*w - 66. What is g(-66)?
0
Let d(f) = 3*f**3 + 167*f**2 + 106*f - 216. Give d(-55).
4
Let f(v) = -v**2 + 37*v - 32. What is f(1)?
4
Let m(r) = -240*r + 3827. Determine m(16).
-13
Let u(i) = 65*i + 1075. What is u(-17)?
-30
Let t(d) = -d**2 + 43*d + 1794. Calculate t(-26).
0
Let v(m) = -m**3 - 12*m**2 + 27*m + 221. Give v(-10).
-249
Let y(c) = -c**2 + 3*c + 66. Give y(11).
-22
Let g(l) = -l**3 - 18*l**2 - 30*l - 17. Calculate g(-16).
-49
Let y(z) = 5*z**3 - 758*z**2 - 1073*z + 314. Calculate y(153).
8
Let k(f) = f + 70. What is k(-74)?
-4
Let o(l) = -1150*l + 5757. Give o(5).
7
Let l(b) = 4*b**2 - 85*b - 5. Determine l(21).
-26
Let u(b) = b**3 - 26*b**2 + 25*b - 603. Calculate u(26).
47
Let y(n) = 45*n - 3579. What is y(80)?
21
Let m(c) = -2*c**2 - 123*c + 122. Give m(-64).
-198
Let w(r) = r**3 - 2*r**2 + 3*r + 429. Give w(0).
429
Let o(t) = t**3 + 4*t**2 - 7*t - 17. Determine o(3).
25
Let x(i) = -i**3 + 9*i**2 + 49*i - 6. Determine x(-4).
6
Let n(x) = 92*x - 79. What is n(6)?
473
Let g(q) = -86*q**2 + 2*q + 3. Give g(-1).
-85
Let g(c) = 20*c + 51. Give g(8).
211
Let q(p) = -4*p**3 - p**2 - 119*p - 370. Calculate q(-3).
86
Let c(g) = -g**2 - 49*g - 192. Determine c(-46).
-54
Let b(u) = -u**2 - 162*u - 4236. Give b(-129).
21
Let z(r) = 30*r**2 - 862*r - 181. What is z(29)?
51
Let u(j) = j + 160. Give u(-34).
126
Let i(k) = -8*k**2 - 46*k - 384. Calculate i(-11).
-846
Let s(t) = -2*t**2 + 32*t + 67. What is s(-2)?
-5
Let i(p) = -p**3 - 55*p**2 + 1902*p + 455. Determine i(-79).
-19
Let p(z) = -119*z - 463. Calculate p(-7).
370
Let x(o) = -2*o**3 - 15*o**2 - 54*o - 198. Determine x(-6).
18
Let h(i) = 194*i**2 + 3*i + 22. Give h(-2).
792
Let g(v) = -2*v**3 - 10*v**2 + 139*v + 37. What is g(-11)?
-40
Let d(m) = -m**2 - 60*m - 70. Determine d(-59).
-11
Let v(m) = 2*m**3 - 5*m**2 - 86*m + 186. What is v(2)?
10
Let f(r) = -13*r**2 + 69*r + 79. Calculate f(10).
-531
Let c(s) = -s**2 - 167*s - 4627. Give c(-36).
89
Let b(l) = -74*l + 711. Determine b(11).
-103
Let c(n) = 756*n + 9687. Give c(-13).
-141
Let g(q) = q**3 - 14*q**2 + 14*q - 179. Determine g(14).
17
Let m(w) = 21*w**2 + 651*w + 8. Determine m(-31).
8
Let h(n) = -n**2 - 28*n + 386. Calculate h(10).
6
Let b(v) = -v**2 + 17*v + 79. Give b(18).
61
Let t(p) = -p**3 + 12*p**2 - 32*p + 18. Calculate t(9).
-27
Let k(r) = r**3 + 30*r**2 + 82*r + 4. Determine k(-27).
-23
Let o(x) = -x**3 - 10*x**2 + 12*x - 87. What is o(-12)?
57
Let p(n) = n**2 - 51*n - 358. What is p(56)?
-78
Let i(s) = 3*s**2 - 8*s + 94. Determine i(7).
185
Let j(r) = 8*r**2 + 6*r - 10. Give j(2).
34
Let p(i) = 4*i**2 + 15*i - 111. What is p(11)?
538
Let q(n) = n**3 + 6*n**2 - 39*n - 317. What is q(-7)?
-93
Let s(m) = 17*m**3 + 3*m + 3. Determine s(-1).
-17
Let o(x) = x**2 + 20*x - 152. Give o(7).
37
Let v(g) = -13*g**2 - 146*g - 31. Give v(-11).
2
Let g(d) = -17*d + 192. Give g(9).
39
Let m(o) = -9*o - 378. Give m(-48).
54
Let y(s) = -s**2 - 10*s + 6. What is y(4)?
-50
Let r(c) = 623*c - 2275. Determine r(4).
217
Let d(o) = -2*o**2 - 32*o + 571. What is d(12)?
-101
Let v(a) = 3*a + 45. Determine v(9).
72
Let k(d) = -43*d**2 + 812*d + 962. Determine k(20).
2
Let h(u) = u**3 - 93*u**2 + 150*u - 5331. What is h(92)?
5
Let u(c) = -c**3 - 5*c**2 + 46*c + 187. Calculate u(-8).
11
Let r(v) = v**3 - 242*v**2 + 4*v - 959. Give r(242).
9
Let i(l) = 4*l**2 + 19*l + 70. What is i(-3)?
49
Let f(a) = a**3 + 7*a**2 - 9. What is f(-6)?
27
Let x(z) = 3*z**2 + 32*z + 171. Calculate x(-7).
94
Let r(c) = 102*c**2 + 1251*c - 983. Determine r(-13).
-8
Let c(t) = 43767*t - 43766. Determine c(1).
1
Let t(i) = -53*i**2 + 1168*i + 72. Calculate t(22).
116
Let o(j) = -3*j**3 + 22*j**2 - 4*j - 16. Give o(7).
5
Let f(s) = -3*s**2 - s + 237. What is f(-9)?
3
Let s(l) = -319*l + 1933. What is s(6)?
19
Let f(t) = 21*t**3 - 5*t**2 + 10*t + 14. Calculate f(-1).
-22
Let v(u) = -u**3 - 24*u**2 - 20*u + 45. Determine v(-23).
-24
Let g(x) = -x**3 + 5*x**2 - 296*x + 1175. What is g(4)?
7
Let l(v) = v**3 + 15*v**2 - 10*v + 101. What is l(-16)?
5
Let i(g) = -2*g**2 + 46*g - 173. What is i(10)?
87
Let a(l) = 2*l + 67. Calculate a(-9).
49
Let p(o) = -o**3 - 50*o**2 - 140*o + 41. Determine p(-47).
-6
Let g(i) = 11*i - 626. Calculate g(39).
-197
Let k(b) = -11*b**2 - 284*b + 5. Give k(-26).
-47
Let i(n) = 461*n - 446. Calculate i(1).
15
Let z(u) = -16*u**2 + 14*u + 157. Give z(-5).
-313
Let f(w) = -979*w - 59727. What is f(-61)?
-8
Let d(c) = -3*c**2 + 120*c - 223. Determine d(38).
5
Let v(y) = 4*y**3 - 37*y**2 - 24*y + 98. Calculate v(11).
681
Let j(z) = 2*z**3 + 98*z**2 - 113*z - 639. Calculate j(-50).
11